 -2*s = -123 + 119. Let t(l) = 174 - 44 - l**s + 6*l - 40 - 47 - 42. What is t(h)?
6
Suppose -3*n = 4*l - 126 - 43, 0 = 2*l + 3*n - 89. Let o = 67 - l. Suppose 0 = -26*z + o*z - 5. Let d(k) = 4*k. Determine d(z).
20
Suppose 3*m = -48*s + 52*s + 8, 2*m + 4*s - 12 = 0. Let q(f) = 20*f + 12. Calculate q(m).
92
Let s = 81 + -70. Suppose 0 = 4*l + 5*j + s, -3*j - 9 = 3*l - 0*j. Let u be l/18 + 578/(-153). Let n(g) = 3*g**2 + 6*g. Determine n(u).
24
Suppose -3*z - 3 = -3*x, -4*z + 575*x = 574*x + 19. Let c(q) = -14*q - 39. Calculate c(z).
45
Let z be (-82233)/(-81) + -1 + (-28)/(-36). Let y(a) = 1014 - 7*a - z - 2*a. Let d = -3 - -4. Determine y(d).
-10
Let h = 89 - 92. Let v(o) = -53*o**2 + o + 5. Let t(s) = -71*s**2 + 5. Let y(u) = 3*t(u) - 4*v(u). Give y(h).
-2
Let k(g) = -g**2 - 14*g - 56. Let x be k(-10). Let o(n) be the second derivative of -n**5/20 - 5*n**4/4 + 17*n**3/6 + 7*n**2 - 4*n - 4. Give o(x).
-2
Let i(v) be the first derivative of v**3/3 - 7*v**2/2 + 2*v + 59. Suppose 0 = -15*r + 36 + 39. What is i(r)?
-8
Let l(f) = -8*f**2 + 1. Let w be 11 - (-5 - (2 - 5)). Suppose m - w = 3*a, 4*m - 12 = 5*a - 3*a. What is l(m)?
-7
Let k = -7 - -7. Let l(d) be the second derivative of 0 + 3/2*d**2 + 28*d - 1/6*d**3 + 0*d**4 - 1/20*d**5. Calculate l(k).
3
Let q(u) = 841278*u - 11 - 841316*u + 18 + 30. Calculate q(1).
-1
Let m(y) = -y**3 - 3*y**2 - 3*y - 1. Let q(t) = -20*t + 36. Let p be q(14). Let s = 241 + p. Calculate m(s).
8
Suppose 4*o - 4*n = 24, 4*n + 3 = -0*o + o. Let b be 1/o - 390/35. Let k(y) = -y**3 - 10*y**2 + 12*y + 12. What is k(b)?
1
Let n(i) = 7*i**3 - 7*i**2 + 10*i - 64. Let x(o) = -7*o**3 + 6*o**2 - 11*o + 54. Let a(v) = -4*n(v) - 5*x(v). Give a(1).
6
Let q(j) = 5*j**3 + j**2 - 1. Let o(i) = -12 - 3*i - 1 - 4 + 3. Let t be o(-5). Determine q(t).
5
Let q(f) = -2*f**2 + 2*f + 5. Let x(o) = o**2 + 56*o + 342. Let a be x(-49). Give q(a).
1
Let y be 7*(646/(-119) - -7). Let p(d) = d**2 - 16*d - 25. Calculate p(y).
-80
Let k(s) be the first derivative of -s**5/20 + 7*s**4/12 + 4*s**2 - 148*s + 142. Let z(h) be the first derivative of k(h). Determine z(7).
8
Let a = -767 + 769. Let x(s) = 137*s**2 + 129*s**a + 7*s - 265*s**2 + 8. What is x(-7)?
8
Let v(u) be the first derivative of u**4/24 + 5*u**3/6 - 3*u**2/2 - 6*u + 32. Let f(o) be the second derivative of v(o). Calculate f(-6).
-1
Let z be 20/(6/(-33) - (0 + 0)). Let k = z + 112. Let q be (-3)/k - (-72)/(-16). Let n(s) = s**2 + 5*s - 7. Give n(q).
-1
Let r be 6*(3 + -5 - -1). Let x be (-5)/2*(-144)/60 + -4. Let c(o) = 2*o + o**3 + 3*o**2 - o**2 - 2*o**2 + x + 6*o**2. Determine c(r).
-10
Suppose 0*g - 5 = -2*g + k, 2*g - 4*k = 2. Suppose 2*y - 5 = g*y. Let v(o) = 6003*o**2 + o + 2 - 6*o - 6004*o**2. Give v(y).
2
Let q(s) be the second derivative of -s**4/12 - s**3 + s**2 - 2*s. Let u(v) = 104*v**2 - 12*v - 14. Let a be u(-2). Let r = a - 433. Determine q(r).
-5
Let j(a) be the second derivative of a**4/6 + 4*a**3/3 + 7*a**2/2 - 6*a. Let y = -1973 + 1968. What is j(y)?
17
Let v(g) = g**2 - 28*g + 135. Let m(w) = -w**3 - 17*w**2 + 307*w + 32. Let n be m(11). What is v(n)?
-12
Let z(t) = -2*t**3 + 4279*t - 4 - 4277*t + 0 - t**3 - 2*t**2. What is z(-3)?
53
Let l(v) = -9*v**2 + 12*v - 3 - v**3 - 14*v - 5*v**2 + 19*v**2. Let p be -1*2/(-4)*10. Determine l(p).
-13
Let d be 78/(-9)*6/(-4). Let v(p) = 9*p**2 + 5 + 20*p - 3*p**2 - d*p + p**3. Give v(-5).
-5
Let w(y) = y**3 + 14*y**2 - 18*y + 229. Let h be w(-16). Let f(r) = r**3 - 5*r**2 - r - 12. Calculate f(h).
-17
Let w(y) = -11*y**2 - 22*y - 59. Let k(j) = -4*j**2 - 7*j - 19. Let v(i) = 8*k(i) - 3*w(i). Determine v(-11).
36
Let w(o) = 6*o + 141. Let l(m) = -4*m - 147. Let p(i) = 5*l(i) + 4*w(i). What is p(32)?
-43
Let r(t) be the first derivative of 3*t**3/2 + t**2/2 + 103*t + 143. Let z(p) be the first derivative of r(p). Give z(-1).
-8
Let f(j) = j**3 - 10*j**2 - 13*j - 21. Let q(k) = -k**2 - 2*k - 3. Let u(l) = -f(l) + 4*q(l). Calculate u(7).
-5
Let c(q) be the second derivative of q**5/60 + q**4/8 + 7*q**3/6 + 281*q**2/2 - q + 47. Let k(l) be the first derivative of c(l). What is k(-6)?
25
Let b(q) = -q + 1. Let h(j) = j - 2. Let k(v) = b(v) - h(v). Let l = -3106 + 3109. Determine k(l).
-3
Suppose 124*k - 248*k - 1 = -125*k. Let s(j) = -5*j**2 + 5*j + 2. Determine s(k).
2
Let g(w) = 14*w + 1. Let b(j) = j**3 - 8*j**2 + 26*j - 86. Let z be b(6). Give g(z).
-27
Let l(z) = -z**3 - 7*z**2 - 9*z + 9. Let r be l(-5). Let q(w) = -7 + 7*w - 10*w + 1 + r*w. Determine q(3).
-3
Let t(k) = 8*k - 81 - 2*k - 7*k + 65. Calculate t(-16).
0
Suppose -i - 5*g = -4, 5*g - g = 5*i + 67. Let n(r) = r**3 + 11*r**2 - 6. Calculate n(i).
-6
Let l(f) = 499911 - 5*f - 6*f - 499893. Calculate l(2).
-4
Let d(x) be the third derivative of 3*x**4/8 - x**3/3 + 8*x**2 - 28*x. Give d(-8).
-74
Let w(t) = -7*t**2 - 120*t - 20. Suppose 52*q = -c + 48*q - 17, 0 = -2*q. What is w(c)?
-3
Let k(b) = -3 + 2 + 1 - 2*b - 4 + 20. Give k(19).
-22
Let g(k) = 24*k**3 + 22*k**3 + 7*k + k**2 - 42*k**3 - 6*k. Suppose 20 = 14*h - 8. What is g(h)?
38
Let f(l) = 60 - 64 - 7*l - 9*l + 13*l. Give f(-6).
14
Let f(p) = 9*p + 49. Let w be f(-5). Let o(c) = 7*c + 7*c**2 + 10*c**2 - 16*c - 18*c**2 - w. Give o(-7).
10
Suppose 2*a - 58 = 3*m, a = -4*a + m + 119. Suppose a*b = 20*b + 15. Let w(u) = -u**2 + 3*u + 1. Determine w(b).
-9
Let i(x) = 16*x - 1. Let b(s) = 21*s - 3. Let t(k) = 2*b(k) - 3*i(k). Let z = -7 - -3. What is t(z)?
21
Let o(d) = -773*d + 423*d**2 - 7 + d**3 - 430*d**2 + 771*d - 1. Determine o(7).
-22
Let p = -13258 + 13257. Let o(z) = 6 + 8*z**2 - z - 6. Give o(p).
9
Let q(x) = 15*x**3 + 11*x**2 - 13*x + 15. Let k(p) = 7*p**3 + 5*p**2 - 6*p + 7. Let y(v) = -13*k(v) + 6*q(v). Calculate y(3).
-19
Let i be -8 - -2*(-2 - (189/(-18) - -7)). Let s(x) = -x**3 - 6*x**2 + 5*x - 1. Determine s(i).
-51
Let g(z) = -z**3 + 3*z**2 - z - 1. Let u(r) = -7 - 4 + 4*r - r - 15*r + 2*r**2. Let x be u(7). Suppose 0 = -0*y + y + 3*l + 13, 0 = -x*l - 15. What is g(y)?
1
Let n(m) be the third derivative of 0*m - 1/120*m**6 + 0 - 21*m**2 + 1/8*m**4 + 5/6*m**3 + 1/15*m**5. Give n(4).
17
Let l(j) = -j + 2. Let h = 188 - 147. Suppose -h = 3*r - 47. What is l(r)?
0
Suppose -152 - 39 = 34*r + 47. Let u(w) = -3*w**2 - 25*w - 31. Calculate u(r).
-3
Suppose -3*f + 108 = 9. Suppose 0 = -m + 155 - f. Let d(l) = -l + 123*l**2 + 11 + 11*l - m*l**2. Determine d(-9).
2
Suppose -34 = 9*q - 70. Suppose q*x + 28 = -4*p, 4*x - 3*p = -5*p - 32. Let s(t) be the second derivative of t**3/6 + t**2 + 3*t. Give s(x).
-7
Let q(r) = -2*r - 5. Let d = -226 + 229. Suppose d + 5 = -4*y - 4*i, 3*y - i + 6 = 0. Determine q(y).
-1
Let j(i) be the first derivative of -i**4/4 + 16*i**3/3 - 9*i**2 - 136*i - 7265. Determine j(14).
4
Let y(i) = i + 6. Let l = -3 - 1. Let b be 6/(-24)*(-8 + -4). Let u be 0*l/(-12)*b*-1. Give y(u).
6
Suppose -10 = -419*p + 414*p. Let b(r) = -14*r - 4. Calculate b(p).
-32
Let f(u) be the third derivative of u**4/24 - 2*u**3/3 - 35*u**2. Let z be 405/90*-2*1/(-3). Determine f(z).
-1
Suppose 3*i = o + 44, 0 = i + 2*o - 23 + 6. Suppose 687*z + i = 682*z. Let p(q) = q**3 + 1 + 3 + 5*q + 3*q**2 - 2*q + 0*q. What is p(z)?
-5
Suppose 5*k + n + 22 = 0, -n - 7 = 3*k + 7. Let b be (k/(-3))/((-32)/192). Let l(j) = j**3 + 8*j**2 - 2*j - 6. Give l(b).
10
Let h(m) = -9*m + 7. Let g(y) = -146*y + 2043. Let x be g(14). Determine h(x).
16
Let p(d) = -6*d. Let v(j) = j**3 + 35*j - 20. Let c(z) = 6*p(z) + v(z). Calculate c(0).
-20
Let x(b) = -2*b**2 + 174101 - 174241 + 3*b**2 - 10*b. Calculate x(-8).
4
Let k(p) = -2*p**2 - 7*p - 14. Let v be k(-6). Let c = v - -34. Let l(o) = -o. What is l(c)?
10
Let l = -26 - -58. Suppose -20*k = -16*k - l. Suppose 2*p - 3*p + k = 0. Let y(j) = -j**3 + 8*j**2 + 7. Determine y(p).
7
Suppose 0*s + 6 = 3*s. Suppose 0 = 2*u - s*w + 2, -5*u + w + 7 = -4. Let z(d) = 2*d**2 + 2*d - 19. Let g be z(u). Let q(p) = p. What is q(g)?
5
Let g(z) = -45*z**3 + z + 2. Let h(r) = r**3 - 6*r**2 - 43*r - 55. Let u be h(-2). Calculate g(u).
46
Let v(u) be the first derivative of -12*u**2 + 2*u + 5305. Calculate v(6).
-142
Let j(i) be the second derivative of 3/8*i**4 + 3*i + 0 - 7/2*i**3 - 1/120*i**5 + 0*i**2. Let b(w) be the second derivative of j(w). Give b(4).
5
Let b(k) = k**2 - 2*k + 5. Let d(m) = -5*m**2 + 